 b + 4. Let y be n(-3). Is c(y) a prime number?
False
Let n(m) = -9*m**2 - 5*m - 13. Let y be n(-3). Let p be (-5)/(-10) + 1/(-2). Is (-3 - p)/(3/y) a prime number?
True
Let f(w) = -4 + 9*w**2 - 1 - w**3 + 0*w**3 - w. Let v(p) = p + 2. Let b be v(4). Is f(b) composite?
False
Let m(y) = -y**3 + 34*y**2 + 2*y + 39. Is m(10) prime?
True
Let b = 1827 - -226. Is b a prime number?
True
Let y(z) = -648*z**3 - 13*z**2 + 11*z + 7. Let w(n) = 324*n**3 + 6*n**2 - 5*n - 3. Let s(d) = -7*w(d) - 3*y(d). Let a be s(1). Let k = a + 528. Is k composite?
True
Let n(m) = -m**3 + m**2 + 4*m - 6. Let x be n(3). Let l = x - -15. Is (15/9 + 2)*l composite?
False
Is (0 - -9862)/((36/(-42))/(-3)) composite?
True
Suppose r = -3*r - r. Suppose 58*t - 56*t - 1434 = r. Is t prime?
False
Suppose -4*q - 8646 = -50242. Is q a prime number?
True
Let g be (-9)/(0 - (3 + -2)). Let n(a) be the first derivative of 2*a**3/3 - 4*a**2 - 3*a - 10. Is n(g) a prime number?
False
Is (-2 - -1)/(3035/253 - 12) a prime number?
False
Let s(j) = -j**3 + 7*j**2 + 24*j - 35. Is s(-12) a prime number?
False
Is (-4 + 2)/(785632/130940 - 6) prime?
False
Suppose 0 = 106*t - 65574 - 6400. Is t composite?
True
Suppose 8*r - 56373 = 104915. Is r a prime number?
True
Let t = -375 - -8938. Is t prime?
True
Let g = 64419 - 296. Is g prime?
True
Let n(r) = -r + 23. Let j be n(8). Let z(t) = 5*t**2 + 15*t - 5. Is z(j) prime?
False
Let z be (1 - (-5)/(-10))*-24. Is ((-8)/z)/(10/3345) a prime number?
True
Suppose -4*w = -0*w + 24. Let t(u) = -57*u + 17. Let p(c) = 38*c - 12. Let l(z) = 7*p(z) + 5*t(z). Is l(w) a prime number?
False
Suppose 7*i - 27*i - 180 = 0. Let p(o) = -12*o + 9*o**2 - 4 - o - 2*o + o**3. Is p(i) prime?
True
Suppose -z + 5 = 3. Let o be 56/16 - 3/z. Suppose -5*b - o*m = -3551, -5*m = -4*b - m + 2824. Is b a composite number?
False
Suppose -4*a + 720 = -3*o - 1039, 0 = -4*a + o + 1757. Is a/(-3 + 4 - 0) prime?
True
Let a = -16 + 25. Suppose -2*f - a + 23 = 0. Is f a prime number?
True
Let s(u) = -4*u**3 + 4*u**2 + 7*u. Suppose 5*o - 2*r = -9, -2*o - 28 = 5*r - 7. Let a be -4*o*15/(-36). Is s(a) a prime number?
False
Suppose 45*r + 55783 = 52*r. Is r a prime number?
False
Let t be -4 + 133/28 - (-7114)/8. Let n = 93 + t. Is n a prime number?
True
Let x be -1*6*66/(-12). Let s = x + -31. Suppose 0 = -5*z + y + 4597, 2*z - 3*y = -s*z + 3682. Is z composite?
False
Let r(h) = -h**2 - 3*h - 3. Let k be r(-4). Let u be (102/(-21) + 4)*k. Let i(g) = 4*g**3 + 9*g**2 - 8*g + 11. Is i(u) composite?
False
Let g = 17763 - -11924. Is g a prime number?
False
Let f(s) = -s + 1. Let k = -3 + 4. Let y(u) = -2*u**3 - 7*u**2 - 2*u + 8. Let o(t) = k*y(t) + f(t). Is o(-7) prime?
True
Suppose 10*b - 104532 = 6*b. Suppose -b + 78668 = 5*z. Is (z/38)/((-2)/(-4)) a prime number?
False
Let x(p) = 5*p**2 + 7*p - 2. Suppose g + g - 8 = 0. Is x(g) composite?
True
Let l(z) = -z**3 + 14*z**2 + 6*z - 6. Suppose j + 8 = 4*g, 0 = 5*j - 7*g + 2*g - 5. Is l(j) composite?
True
Let w = -653 + 1798. Is w composite?
True
Suppose 14*h - 13*h = 0. Suppose -2*z + 373 = -2*g + 3*g, h = -5*z + 5*g + 910. Is z prime?
False
Let f = 8373 - 4785. Let n = 6751 - f. Is n composite?
False
Let s(x) = -2*x**3 + x**2 - 14*x - 21. Is s(-16) a composite number?
True
Suppose 2*i - 3*x = 2760 + 326, -3086 = -2*i - 3*x. Is i prime?
True
Let q(i) = 183*i**2 - 23*i - 97. Is q(-7) prime?
False
Is 46/92*(37465 + -5 + 2) a composite number?
False
Suppose -6 - 4 = -5*i. Let w be ((-10)/(-4))/5 + 25/10. Suppose -s = -i*u + 2*s + 71, 0 = -w*u - 5*s + 116. Is u prime?
True
Let i(c) = 120*c**2 + c + 3. Let t(s) = -3*s + 28*s**3 - 25*s**3 + 1 + s. Let x be t(1). Is i(x) a composite number?
True
Let m(o) = o**3 + 11*o**2 + 10*o. Let l be m(-10). Let p(u) = -12*u + 18*u + 11*u - 2 + l. Is p(3) composite?
True
Suppose l = -5*r + 17, -2*r + 0*r = 5*l + 7. Let g be (16/20)/(l/(-15)). Suppose h - o - 99 = g*o, 186 = 2*h - 4*o. Is h a composite number?
False
Let f(p) = p**3 + 25*p**2 + 5*p + 45. Is f(-22) prime?
False
Suppose 4*w - 6 = -14. Is w/7 - 12450/(-14) composite?
True
Let k(p) = p**2 + 2*p + 5. Let u be k(-5). Let a = -18 + u. Is 1/(1684/(-844) + a) a prime number?
True
Let q = 4783 + -2412. Is q a composite number?
False
Let b(y) = -y**3 + 3*y**2 + 6*y - 5. Let k be b(4). Is k/15 + (-31878)/(-35) a composite number?
False
Suppose 3007 = 6*d - 8831. Is d composite?
False
Let c(i) = 10*i**3 + 2*i**2 - 2*i - 3. Let f(p) = 40*p**3 + 7*p**2 - 8*p - 11. Let s(t) = 9*c(t) - 2*f(t). Is s(4) a composite number?
False
Let s(a) = -7*a**3 + 4*a**2 + 5*a + 5. Let u be s(-2). Suppose 0 = 10*n - 11*n + u. Is n prime?
True
Is 0 + -4 + 236*5830/40 composite?
True
Let z = 9 + -9. Let i(y) = y**2 - y + 26. Let g be i(z). Let m = -7 + g. Is m a composite number?
False
Let b = -2506 + 4751. Is b a composite number?
True
Let c(f) = 44*f**2 - 3*f + 7. Let s be c(-10). Suppose -5*k - 3*m + m = -s, 2663 = 3*k + m. Is k a prime number?
False
Let z = -21 - -23. Suppose -m = -z*i + 4303, 4*i - 2162 = 3*i - 3*m. Is i prime?
True
Let j(t) = -49*t**3 - 18*t**2 + 4*t - 11. Is j(-6) a composite number?
False
Let z(g) = 50*g - 9. Let k = -46 + 33. Let r(v) = -v**3 - 13*v**2 - 2*v - 15. Let f be r(k). Is z(f) composite?
False
Let v be (-2)/(-10) + (-4545)/(-25). Suppose 0 = 3*k - 68 + v. Let f = k - -165. Is f prime?
True
Let d be (-4)/(-5) + 0 - (-25816)/(-20). Is (d/14)/(-3) + (-6)/(-21) a composite number?
False
Suppose -4*w = l + 3, 23 = -0*l + 5*l + w. Suppose 5*s + 0*s = l*x - 1275, -2*s - 8 = 0. Is x a prime number?
True
Suppose 2034*h - 2041*h = -292033. Is h prime?
True
Suppose 41*j - 101960 - 45189 = 0. Is j a prime number?
False
Suppose -r = 2*x - 6*x - 26, 5*x - 130 = -5*r. Let a = -11 + r. Suppose -a*g + 11*g + 1804 = 0. Is g composite?
True
Let l be (30/20)/(1/2). Let g(f) = 12*f**2 + 22*f**l + 10*f**2 - 23*f**2. Is g(1) prime?
False
Let t be (134/4)/(11/(-22)). Suppose a = 4*a + 102. Let p = a - t. Is p composite?
True
Let t(y) = 556*y + 231. Is t(32) a prime number?
False
Is (-1511928)/(-45) + (-3)/(-5) a prime number?
True
Let z = 4058 - 1771. Is z composite?
False
Suppose -5*w - 15 = 4*a, 7*w - 2*a = 2*w + 15. Let f be w - 1 - (-7)/(-7). Is (1/((-1)/211))/f a prime number?
True
Suppose -109*r + 664370 = -39*r. Is r composite?
False
Let g = -8 - -13. Let x be 93/15 - 1/g. Is (-8)/12 + 4030/x prime?
False
Suppose -4*w + 6 = 22. Is (9738/45)/(w/(-10)) a composite number?
False
Let i(z) = 2*z**2 + 6*z + 5. Let k be i(-3). Suppose 532 = k*m - 243. Is m composite?
True
Let c(g) = g**2 - 5*g - 1. Let r be c(6). Suppose -2*q + 3*q = o, 4 = r*o - 3*q. Suppose 5*d + 997 = o*z, 4*d - 1548 = -3*z + d. Is z composite?
True
Suppose 5*g = 2*h - 22, -4*g - 20 = -3*h - h. Let a be (g/(-8))/(1/(-1266)). Let n = -448 - a. Is n prime?
False
Let n(p) = 496*p**2 - 4 - 492*p**2 - 37*p**3 + 2 - 2*p. Is n(-3) a prime number?
True
Suppose 5*o - 885 = -270. Is o prime?
False
Suppose 0 = -5*x + 983 + 1097. Suppose -15 = 5*h, -x = -w - 2*h + 109. Suppose w = j + 28. Is j a composite number?
False
Let q(b) = -b**3 + 21*b**2 - 3*b - 28. Is q(15) prime?
True
Suppose -166*n + 19347 = -163*n. Is n a prime number?
True
Let o(i) = 236*i - 1. Let f be o(4). Suppose -155*x = -156*x + f. Is x composite?
True
Let a(o) = 266*o**3 + o**2 - 2*o + 2. Let k be a(1). Suppose -4*j + k = -j. Is j a prime number?
True
Suppose 2*p - 1951 = a - 6*a, 4*p - 3890 = 2*a. Is p composite?
True
Let t be (-1 + -2)/(-3)*-3. Is -4 - (3 + t + -525) prime?
True
Let c = -166 - -96. Let l = c - -131. Suppose -262 = -n - l. Is n prime?
False
Let m = 16 + -13. Suppose -m*t - t = 5*v - 12, -t = 5*v - 18. Let g(z) = 6*z**2 - z - 3. Is g(v) a composite number?
False
Let u(h) = -h**3 - 24*h**2 - 19*h + 80. Let k be u(-23). Let a(m) = -17*m - 1 - 4*m - m**2 + 11. Is a(k) a composite number?
True
Let f(s) = -35 + 0*s - s**2 + 2*s - 8*s - 12*s. Is f(-14) composite?
True
Let h(w) = w**2 + 11*w + 6. Let v be h(-16). Suppose f - 3*b = 107, -2*f = 5*b - 95 - v. Let r = 1703 + f. Is r prime?
True
Suppose 98515 = 7*v - 924906. Is v a composite number?
False
Let m be (-70905)/(-1653) - 4/(-38). Let f = 61 + -37. Suppose -m = -r + f. Is r a composite number?
False
Suppose 4*v + 1 = -5*x + 29, 5*x = -2*v + 24. Suppose 0 = -u - 5*h + 873, h = v*u + u